 20, -4*g + 3*f = -40. Let y = 7 + 46. Suppose g = -4*t + y. Is t a prime number?
False
Let z(k) = -k**3 - 7*k**2 - 7*k - 6. Let d be z(-6). Is (12 - 0) + -1 + d a composite number?
False
Suppose 0 = 3*h + 3*x - 525, 4*h = 4*x - 144 + 860. Is h prime?
False
Suppose -5*g + 3287 = -638. Is g a prime number?
False
Let w(q) = 5*q**2 - 4*q + 3. Let z be w(2). Is (-5)/(25/(-2))*z a prime number?
False
Is (1/(-2))/((-27)/356778) composite?
False
Let w be 27*(-6)/4*-4. Let n = -1 - -4. Suppose -w = -q - n. Is q prime?
False
Suppose -3 = 3*k - 9. Suppose 2*p - p = 4*q - 417, -5*q - k*p + 505 = 0. Is q prime?
True
Let g be ((-3)/9)/(1/(-9)). Suppose g*h = 4*h. Suppose c + h*c = 19. Is c prime?
True
Let o = -4 - -4. Suppose o = -3*x + x - 2. Is -2 + (x - -28) + 0 prime?
False
Let i(j) = -152*j + 9. Is i(-6) a prime number?
False
Is (-2)/(-2)*198/9 a composite number?
True
Let a(u) = 98*u + 1. Suppose 6*g - 4*g - 6 = 0. Is a(g) a composite number?
True
Let b = -14 + 65. Is b composite?
True
Suppose 1855 = -6*w + 11*w. Is w a composite number?
True
Suppose 5*m = -2 + 17, 2*m = 5*u - 1979. Is u composite?
False
Suppose 0 + 4 = 2*b. Suppose -h = 3*h - b*g - 68, -h - 3*g + 31 = 0. Is (-18)/(-12)*2*h a composite number?
True
Suppose -80 = -5*p - 5*j, -j - 21 = -5*p + 65. Let q = p - -128. Is q prime?
False
Suppose 0 = -3*s + 2*w - 3*w + 2, -4*s - 3*w + 6 = 0. Suppose -f - 5*o + 121 = s, -516 = -0*f - 4*f - 4*o. Is f a composite number?
False
Let v(p) = 2*p**2 - 8*p + 7. Is v(10) a prime number?
True
Suppose 0 = 4*g - 9*g + 1610. Suppose -o - 2*v + g = 3*o, -231 = -3*o + 2*v. Is o composite?
False
Suppose -3*d = 3*m - 15, 15 = -0*m + 3*m - 5*d. Suppose -m*p = -182 + 17. Is p prime?
False
Let h(b) = b**3 + b**2 - 3*b + 6. Suppose -8 = -4*r + 4*w, -w + 22 = 8*r - 3*r. Is h(r) prime?
False
Let t(j) = j - 8. Suppose -3*l + 16 = -5. Let w be t(l). Is 1*(-3 + 57 + w) a prime number?
True
Let n be 4 - (0 - (1 - 0)). Let a(u) = 25*u - 6. Is a(n) prime?
False
Let k(b) = -b**2 - 14*b - 10. Let p = 7 + -1. Suppose -5*i - 51 = -p. Is k(i) a composite number?
True
Suppose -5*h - 3 - 7 = 0. Is (-186)/(-8) + h/8 composite?
False
Suppose -2*b + 13 = -1. Let g(a) = -a**3 + 10*a**2 + 10*a - 8. Is g(b) a composite number?
True
Let o = -6 + 14. Suppose i - 3*x + o*x - 114 = 0, -362 = -3*i + 5*x. Is i prime?
False
Let y = 8 + -6. Suppose 3*d + y*l - 342 = d, 5*d - 867 = -l. Suppose d = 2*u - 0. Is u composite?
True
Is (-2)/(-4)*2456/4 a composite number?
False
Suppose r = 0, -2*o = -5*r - 2 - 4. Suppose -k - o*p + 8*p + 109 = 0, 97 = k - 2*p. Suppose -5*v + 2*v = -2*l - 73, l = 4*v - k. Is v prime?
False
Let r = 22 + -13. Suppose 0 = 2*f + f - r. Suppose -2*y - f*w = -y - 25, 0 = -y - 2*w + 29. Is y a composite number?
False
Suppose -5*h + 1299 = 4*m, -2*m + 236 = h - 25. Is h a prime number?
False
Suppose 5*r + 0*x = -4*x + 453, 4*r - x - 354 = 0. Is r composite?
False
Suppose 616 = -0*b - b. Let z = 1007 + b. Let f = 592 - z. Is f composite?
True
Suppose -942 = -84*k + 78*k. Is k composite?
False
Suppose 0 = -3*q - v + 7, q + 4*v = 4*q - 17. Let z(l) = l - 9. Let b be z(9). Suppose -5*o + q*g + 484 = b, -g + 184 = 2*o + g. Is o composite?
True
Let d(h) = h**3 - 3*h**2 - 6*h - 5. Let j be d(5). Is (-4)/10 + 1911/j prime?
True
Let s(u) = 107*u**3 + u**2 - 3*u - 2. Is s(3) prime?
True
Suppose 2*q - 3 = 4*b - 29, -3*b + q = -18. Suppose 5*o - 165 = -b*z, 2*o + 5*z = z + 62. Is o composite?
True
Let a(s) be the first derivative of s**3 - 5*s**2/2 - s + 3. Let w(l) be the first derivative of a(l). Is w(4) composite?
False
Let k(q) = -q. Let d be k(0). Let t = d - -13. Is t prime?
True
Suppose -3*i + 1 = -2*i. Suppose a = -2 + i. Let l = a + 20. Is l a prime number?
True
Suppose 5*z - 119 + 34 = 0. Suppose 2 = -g + z. Is g prime?
False
Let h(t) = 400*t**2 - 1. Let g be h(-1). Suppose 0 = 4*m + s + 2*s - g, -197 = -2*m - s. Let b = 227 - m. Is b a composite number?
False
Let c = 12 - 92. Is -3 + c/6*-24 prime?
True
Suppose d - 3 = 0, d + 132 = h - 138. Suppose -102 + h = 3*w. Is w composite?
True
Let x(f) = f - 3 - f**3 - 1 - 2*f**2 + 8*f**2. Let z be x(6). Suppose z*d - 16 = 4. Is d a composite number?
True
Suppose s = -2*s + 381. Is s a prime number?
True
Let h = 8 + -1. Let k(b) be the second derivative of b**4/12 - 5*b**2 + b. Is k(h) a composite number?
True
Is (-5)/10 - (-501)/6 composite?
False
Is ((-958)/(-2) + -1)/2 composite?
False
Let a(f) = 31*f + 4. Let m be (3/(-4))/(1/(-20)). Is a(m) a prime number?
False
Let b = 7 - 6. Is (-256)/(-6)*3 - b a composite number?
False
Let g = 61 - 26. Let x be -215*7/(g/(-8)). Let p = -133 + x. Is p a prime number?
True
Let f = 1 - -1. Suppose 0*o = -f*o + 430. Is o a composite number?
True
Let i be 1/((4/(-12))/1). Is 1435/3 + (-2)/i a composite number?
False
Let r be -134*1*(-4)/8. Suppose -17 = 2*o - r. Is o composite?
True
Suppose 2*z + o - 7 - 5 = 0, 3*z - 5*o + 8 = 0. Let x = -11 - -14. Suppose -5*w - 3*b = -1444, 0*w + z*w + x*b = 1157. Is w composite?
True
Let j be ((-8)/(-3))/((-2)/(-6)). Let b(w) be the second derivative of w**5/20 - w**4/2 - 9*w**2/2 - 7*w. Is b(j) a prime number?
False
Let r(h) = h**3 + 4*h**2 + 5. Let f be r(-4). Suppose 0 = -f*l + 479 - 24. Is l prime?
False
Let p(o) = -o**2 + 4*o - 1. Let j be p(3). Suppose -2*r = j*r - 236. Is r composite?
False
Suppose -x + 4485 = 2*x. Suppose 6*p - p = x. Is p a composite number?
True
Let a(r) = r**3 + 2*r**2 - 3*r + 1. Let l be a(-3). Let c = 11 - l. Is c a prime number?
False
Is (9 - 7)/(-4*(-1)/134) composite?
False
Suppose -319 = -2*t - 4*m - m, t = 2*m + 155. Is t a prime number?
True
Let o be (-6)/(-18) - 62/6. Let b = -8 - o. Suppose 0 = 3*i - 15, -g = -b*g + 5*i + 102. Is g a prime number?
True
Let s be 0/1 + 2*1. Suppose -5*i - 3*b = s*b - 15, 4*i + b + 3 = 0. Is i/(-8) - 556/(-16) composite?
True
Let i be -1 + 4 + (5 - -2). Let x = i - 5. Suppose -52 = -0*l - 5*l + 3*p, -3*p + 58 = x*l. Is l prime?
True
Suppose -5*t = -l - 1863, 2*l = -3*t + 374 + 749. Is t a composite number?
False
Let f(p) = p**3 - 5*p**2 - 7*p + 1. Let g be f(6). Let d be (-7 + 2)*254/g. Suppose -4*w = -d + 66. Is w prime?
True
Let t = 18 - 124. Is (t/(-6))/(-1)*-3 a composite number?
False
Let u(o) = -2*o - 6 + 6. Let f be u(-3). Suppose d + f = 3*d. Is d a composite number?
False
Suppose -7*z + 6260 = 3*z. Is z composite?
True
Let u(i) = 2*i**2 + 5*i - 5. Let x(y) = -y**3 - 7*y**2 + 2. Let w be x(-7). Suppose -c - w - 4 = 0. Is u(c) a prime number?
True
Let l(o) = -o**3 - 48. Let f be l(0). Suppose -7*s = -5*s - 230. Let v = s + f. Is v a prime number?
True
Suppose -4*a - g + 7203 = 0, 4*a = 2*a - 5*g + 3597. Is a prime?
True
Is (-6)/24 - (-27764)/16 a prime number?
False
Suppose 0 = 5*a - 279 - 86. Suppose 0 = 2*c - 335 + a. Is c a prime number?
True
Suppose 3*x = -x + 452. Suppose 3*h = 160 + x. Is h a prime number?
False
Suppose 14*u - 12*u - 354 = 0. Suppose -7*a + 6*a = -u. Is a composite?
True
Suppose 5*j + 4*f - 3*f = -1, -5*j - 4 = 4*f. Let w be 5 - (j + -1 + 0). Is 12 + 1/((-3)/w) composite?
True
Let o(t) = 10*t**2 + t + 2. Let b = 11 - 8. Is o(b) composite?
True
Suppose 2*z + b - 83 = 134, 4*b - 126 = -z. Is z a composite number?
True
Let o = -5 + 8. Let w be ((-2)/4 + o)*2. Suppose 0*j + 3*h - 392 = -4*j, 2*j = -w*h + 210. Is j prime?
False
Let a(h) = -h**3 + 3*h**2 + 7*h - 6. Let q be a(4). Suppose -q*r = -r. Suppose 2*c - c = 2*y + 33, r = -3*c - 4*y + 109. Is c a composite number?
True
Let m = 78 - 40. Suppose h = -0*d + 3*d - m, -13 = -3*d - 4*h. Suppose -d = -2*j - 4*n + 3, 2*j + 5*n = 12. Is j a composite number?
False
Suppose -2*d + 2*z + 3120 = 0, 1406 = 2*d - 5*z - 1711. Is d prime?
False
Let i be (27/36)/(1/24). Is (71/(-2))/((-3)/i) composite?
True
Let v(q) = -10*q**3 + 49*q**2 + 6*q + 50. Let g(p) = 7*p**3 - 33*p**2 - 4*p - 33. Let n(k) = 7*g(k) + 5*v(k). Is n(14) prime?
True
Let l = -89 + 140. Is l a composite number?
True
Let u(s) = -s**3 + 9*s**2 - 8*s - 11. Let h be -6*(-4)/3 - 0. Let w be u(h). Let f = 18 + w. Is f prime?
True
Let s(p) = -85*p**3 + 4*p**2 + 6*p + 5. Is s(-2) composite?
True
Let d(a) = -a**2 + 2*a + 161. Is d(0) composite?
True
Let v = 100 - -6. Is v composite?
True
Let m(h) = h**3 - 12*h**2 + 10*h + 1. Let u be m(11). Let k be (25/u)/(2/(-4)).